15033766 and 1334.
46
What is the greatest common divisor of 959163 and 7729?
59
Calculate the highest common divisor of 33816749 and 1941.
647
What is the highest common divisor of 1245428 and 351592?
2476
Calculate the highest common factor of 2045240587 and 13.
13
What is the highest common divisor of 5540 and 2079380830?
2770
What is the highest common divisor of 9010 and 482035?
4505
Calculate the greatest common factor of 23680 and 672640.
640
What is the highest common factor of 3219 and 257179859?
1073
What is the highest common factor of 17563 and 13713808?
193
What is the highest common factor of 3451937670 and 18?
18
Calculate the greatest common factor of 481429274 and 26270.
5254
Calculate the highest common factor of 713195 and 5.
5
Calculate the highest common divisor of 889523 and 57.
19
What is the greatest common factor of 948 and 1138548?
948
Calculate the greatest common divisor of 2963974 and 288028.
754
What is the highest common factor of 5189594 and 2282?
326
What is the highest common factor of 52261779 and 3204?
267
Calculate the greatest common divisor of 7397 and 2323796.
569
What is the greatest common divisor of 4761 and 296424?
207
What is the greatest common divisor of 84317364 and 2052?
684
Calculate the highest common divisor of 1949160 and 1391200.
1480
Calculate the greatest common factor of 915 and 2560719.
183
What is the greatest common divisor of 34848 and 37374?
6
Calculate the highest common factor of 531664 and 4416528.
1616
Calculate the greatest common factor of 12843 and 59153431.
1427
What is the greatest common factor of 3355 and 4662779?
671
What is the highest common factor of 160569 and 1030617?
513
What is the greatest common divisor of 20779920 and 1200?
240
Calculate the highest common divisor of 235187 and 60491.
251
Calculate the highest common divisor of 81 and 681930981.
81
Calculate the greatest common divisor of 700 and 358544900.
700
What is the greatest common factor of 182 and 8117928?
182
Calculate the greatest common factor of 222219088 and 1092.
364
Calculate the highest common factor of 1536732 and 10788.
372
What is the greatest common divisor of 25202219 and 1246?
623
What is the greatest common factor of 49 and 345629053?
7
Calculate the greatest common factor of 132 and 151101654.
66
What is the greatest common factor of 38597 and 154167?
13
Calculate the highest common divisor of 143135093 and 5583.
1861
What is the greatest common factor of 1988 and 110964?
28
Calculate the highest common divisor of 92911 and 259832248.
13273
Calculate the highest common divisor of 68 and 62751233.
17
Calculate the highest common factor of 86668 and 1725793.
47
What is the highest common divisor of 220663395 and 10?
5
What is the greatest common divisor of 158498297 and 3497?
269
Calculate the greatest common divisor of 2205 and 717840.
45
What is the greatest common divisor of 1848608 and 57728?
1312
Calculate the greatest common divisor of 177828 and 2043804.
2436
Calculate the highest common divisor of 351702 and 1515358.
4342
What is the highest common factor of 15778196 and 553?
553
Calculate the highest common factor of 5975901 and 58869.
279
What is the greatest common divisor of 15775 and 32941355?
3155
Calculate the highest common divisor of 41997 and 1458.
3
Calculate the highest common divisor of 54285 and 919215.
165
Calculate the highest common factor of 13332 and 20604.
1212
What is the greatest common divisor of 3416231 and 77469?
1519
Calculate the greatest common factor of 160107 and 4074138.
249
Calculate the highest common factor of 1353258204 and 228.
228
What is the greatest common divisor of 76797 and 792603?
1449
What is the greatest common divisor of 3177 and 33712912?
353
Calculate the highest common divisor of 2765 and 1437025800.
2765
What is the greatest common factor of 4110 and 2207010?
30
Calculate the highest common factor of 279674551 and 507.
169
What is the highest common divisor of 6 and 24686337?
3
Calculate the greatest common factor of 1061578 and 20570158.
5558
What is the greatest common factor of 32 and 1426328?
8
What is the greatest common divisor of 216129808 and 928?
464
What is the greatest common factor of 1210788 and 555?
111
Calculate the greatest common divisor of 1271 and 1351879.
31
Calculate the highest common factor of 5741240 and 640.
40
Calculate the greatest common factor of 2870 and 5187730.
410
What is the highest common factor of 454806279 and 82131?
11733
Calculate the greatest common factor of 16967100 and 3075.
75
What is the highest common factor of 155741136 and 240?
48
What is the greatest common divisor of 1196 and 988209053?
299
What is the greatest common divisor of 9052 and 1865518?
62
Calculate the highest common factor of 116957005 and 22.
11
Calculate the highest common factor of 7762 and 2366501846.
7762
Calculate the highest common divisor of 296 and 2279847944.
296
What is the highest common factor of 2011293 and 11940?
597
Calculate the highest common factor of 3079 and 373615097.
3079
What is the highest common divisor of 3465 and 7553205?
495
Calculate the greatest common factor of 51 and 7371591.
51
Calculate the greatest common factor of 14265 and 49185.
45
What is the greatest common factor of 17290 and 8793865?
95
What is the highest common factor of 3482 and 30164566?
3482
Calculate the greatest common factor of 190022 and 5301226.
3878
What is the greatest common factor of 683300322 and 5976?
1494
Calculate the highest common factor of 116128695 and 362.
181
What is the highest common factor of 27608 and 10744?
136
Calculate the greatest common divisor of 120 and 25338435.
15
What is the greatest common divisor of 253784233 and 24995?
4999
What is the greatest common divisor of 2391 and 11103804?
2391
Calculate the highest common divisor of 720 and 2235456.
144
What is the greatest common divisor of 337 and 18929?
1
Calculate the greatest common factor of 1517 and 2873309.
37
What is the greatest common factor of 2188 and 213432836?
2188
Calculate the greatest common divisor of 32 and 38776352.
32
Calculate the greatest common factor of 9268 and 2059036.
28
Calculate the greatest common factor of 72072 and 293202.
1638
What is the highest common divisor of 1232 and 3974488?
56
Calculate the highest common factor of 69336 and 76968.
72
What is the greatest common divisor of 46 and 14567717?
23
What is the highest common divisor of 664506 and 577854?
522
What is the highest common factor of 366372 and 1764?
36
Calculate the greatest common factor of 13473820 and 14743.
641
Calculate the greatest common factor of 687529 and 1.
1
Calculate the greatest common factor of 200680 and 31320.
1160
What is the greatest common divisor of 849382 and 352811?
599
What is the highest common factor of 201556554 and 56626?
2462
What is the greatest common factor of 14635750 and 10?
10
What is the greatest common divisor of 95988687 and 309?
309
What is the greatest common factor of 3520 and 70145?
5
Calculate the greatest common divisor of 16279180 and 38380.
2020
What is the greatest common divisor of 63 and 46629?
9
What is the highest common factor of 2604 and 5058084?
372
What is the highest common factor of 2357707 and 253?
253
Calculate the highest common factor of 56872967 and 389.
389
Calculate the highest common factor of 33024 and 3552144.
2064
Calculate the highest common factor of 77479244 and 16.
4
Calculate the greatest common factor of 2676 and 595374.
6
What is the highest common divisor of 2070287488 and 32?
32
What is the highest common divisor of 367500713 and 323?
17
What is the greatest common divisor of 476733 and 22083?
1299
Calculate the greatest common factor of 286 and 13191838.
22
Calculate the greatest common factor of 3025 and 26383.
1
What is the highest common factor of 68446 and 55939938?
9778
What is the highest common divisor of 616940 and 13625?
545
What is the greatest common divisor of 2895460 and 140?
20
Calculate the greatest common factor of 328 and 440642088.
328
What is the highest common divisor of 651673331 and 2963?
2963
Calculate the highest common factor of 56 and 3048164.
28
What is the greatest common factor of 5648744 and 4922?
214
Calculate the greatest common factor